13, 7853
What are the prime factors of 4392807?
3, 1464269
What are the prime factors of 19073656?
2, 7, 340601
What are the prime factors of 123097?
13, 17, 557
List the prime factors of 681987.
3, 281, 809
List the prime factors of 46555.
5, 9311
What are the prime factors of 40590610?
2, 5, 47, 67, 1289
List the prime factors of 1060609.
11, 96419
What are the prime factors of 264261?
3, 59, 1493
What are the prime factors of 438725?
5, 7, 23, 109
What are the prime factors of 92218?
2, 7, 941
List the prime factors of 138718.
2, 43, 1613
What are the prime factors of 512419?
512419
List the prime factors of 7210684.
2, 13, 23, 6029
List the prime factors of 6433544.
2, 13, 61861
What are the prime factors of 13052047?
3463, 3769
What are the prime factors of 11186319?
3, 31, 120283
What are the prime factors of 10394030?
2, 5, 59, 79, 223
List the prime factors of 81083.
81083
List the prime factors of 6620383.
7, 11, 127, 677
List the prime factors of 171483.
3, 13, 4397
List the prime factors of 232472.
2, 29059
What are the prime factors of 138974?
2, 11, 6317
What are the prime factors of 199297?
7, 71, 401
List the prime factors of 12732.
2, 3, 1061
List the prime factors of 3009280.
2, 5, 2351
What are the prime factors of 1005146?
2, 23, 21851
What are the prime factors of 59266?
2, 29633
List the prime factors of 9158718.
2, 3, 53, 83, 347
What are the prime factors of 10651682?
2, 5325841
List the prime factors of 221068.
2, 17, 3251
What are the prime factors of 1145840?
2, 5, 14323
What are the prime factors of 5027503?
13, 386731
What are the prime factors of 938491?
938491
What are the prime factors of 925469?
925469
List the prime factors of 18643856.
2, 7, 11, 37, 409
List the prime factors of 6965495.
5, 17, 19, 227
What are the prime factors of 3341069?
3341069
What are the prime factors of 128827?
47, 2741
List the prime factors of 237695.
5, 137, 347
List the prime factors of 5671891.
211, 26881
What are the prime factors of 25085?
5, 29, 173
List the prime factors of 2876153.
7, 79, 743
What are the prime factors of 73596?
2, 3, 6133
List the prime factors of 8150602.
2, 23, 167, 1061
What are the prime factors of 1931813?
13, 181, 821
List the prime factors of 2974370.
2, 5, 7, 42491
List the prime factors of 475034.
2, 7, 33931
What are the prime factors of 119050?
2, 5, 2381
List the prime factors of 171456.
2, 3, 19, 47
What are the prime factors of 8720493?
3, 37, 251, 313
What are the prime factors of 130442?
2, 13, 29, 173
What are the prime factors of 583551?
3, 21613
List the prime factors of 706031.
23, 30697
List the prime factors of 8186352.
2, 3, 29, 5881
List the prime factors of 3061907.
19, 29, 5557
List the prime factors of 1535717.
1535717
List the prime factors of 7724388.
2, 3, 7, 91957
What are the prime factors of 30690?
2, 3, 5, 11, 31
List the prime factors of 476540.
2, 5, 23827
What are the prime factors of 6004632?
2, 3, 79, 3167
What are the prime factors of 324019?
223, 1453
What are the prime factors of 934645?
5, 107, 1747
What are the prime factors of 211279?
59, 3581
What are the prime factors of 4969193?
4969193
List the prime factors of 2441069.
101, 24169
What are the prime factors of 1280289?
3, 426763
List the prime factors of 1167440.
2, 5, 14593
What are the prime factors of 1381929?
3, 460643
What are the prime factors of 306837?
3, 103, 331
What are the prime factors of 2649695?
5, 529939
List the prime factors of 793881.
3, 11
List the prime factors of 8751118.
2, 47, 93097
What are the prime factors of 3019699?
113, 26723
What are the prime factors of 630459?
3, 70051
What are the prime factors of 99868?
2, 24967
What are the prime factors of 32161031?
7, 4594433
List the prime factors of 872545.
5, 109, 1601
What are the prime factors of 9474890?
2, 5, 919, 1031
List the prime factors of 2243539.
19, 118081
What are the prime factors of 5193116?
2, 1298279
List the prime factors of 2607498.
2, 3, 109, 443
List the prime factors of 12435787.
7, 13, 136657
List the prime factors of 2293648.
2, 7, 20479
What are the prime factors of 4050080?
2, 5, 17, 1489
What are the prime factors of 18726424?
2, 2340803
What are the prime factors of 32291?
7, 659
What are the prime factors of 1643416?
2, 205427
List the prime factors of 827904.
2, 3, 7, 11
List the prime factors of 1181408.
2, 36919
List the prime factors of 229125.
3, 5, 13, 47
List the prime factors of 12493905.
3, 5, 832927
What are the prime factors of 71637?
3, 23879
What are the prime factors of 1816289?
79, 83, 277
List the prime factors of 52182.
2, 3, 13, 223
What are the prime factors of 4546923?
3, 53, 28597
List the prime factors of 154037.
13, 17, 41
What are the prime factors of 771045?
3, 5, 11, 4673
What are the prime factors of 42530?
2, 5, 4253
What are the prime factors of 628004?
2, 13, 929
List the prime factors of 287238.
2, 3, 7, 977
What are the prime factors of 2830077?
3, 314453
What are the prime factors of 5548542?
2, 3, 924757
What are the prime factors of 390787?
593, 659
List the prime factors of 176951.
176951
What are the prime factors of 2880394?
2, 11, 130927
What are the prime factors of 481536?
2, 3, 11, 19
List the prime factors of 10318717.
10318717
List the prime factors of 407705.
5, 73, 1117
What are the prime factors of 194523?
3, 7, 59, 157
List the prime factors of 7478461.
2693, 2777
What are the prime factors of 4527546?
2, 3, 617, 1223
What are the prime factors of 3302656?
2, 7, 19, 97
What are the prime factors of 556196?
2, 211, 659
List the prime factors of 7267118.
2, 3633559
What are the prime factors of 10772797?
7, 109, 2017
List the prime factors of 5366858.
2, 7, 383347
List the prime factors of 662079.
3, 11, 20063
List the prime factors of 14261481.
3, 13, 41, 991
What are the prime factors of 782912?
2, 13, 941
List the prime factors of 6884251.
11, 19, 32939
What are the prime factors of 5915827?
241, 24547
List the prime factors of 114055.
5, 22811
What are the prime factors of 1203755?
5, 7, 163, 211
List the prime factors of 4038192.
2, 3, 29, 967
What are the prime factors of 4380042?
2, 3, 59, 12373
List the prime factors of 146731.
13, 11287
List the prime factors of 3287907.
3, 7, 52189
List the prime factors of 95613.
3, 7, 29, 157
What are the prime factors of 643089?
3, 214363
What are the prime factors of 7277522?
2, 7, 23, 97, 233
What are the prime factors of 8016?
2, 3, 167
What are the prime factors of 11282770?
2, 5, 19, 43, 1381
List the prime factors of 4111634.
2, 53, 79, 491
List the prime factors of 16321242.
2, 3, 7, 79, 4919
List the prime factors of 7147240.
2, 5, 178681
What are the prime factors of 26694521?
7, 3813503
What are the prime factors of 317361?
3, 11, 59, 163
List the prime factors of 816819.
3, 31, 8783
What are the prime factors of 106155?
3, 5, 7, 337
What are the prime factors of 115425?
3, 5, 19
List the prime factors of 376219.
19, 19801
List the prime factors of 3348074.
2, 409, 4093
List the prime factors of 291391.
211, 1381
What are the prime factors of 821747?
821747
What are the prime factors of 239303?
61, 3923
List the prime factors of 487330.
2, 5, 48733
List the prime factors of 479246.
2, 239623
List the prime factors of 3387904.
2, 13, 509
What are the prime factors of 284159?
284159
What are the prime factors of 8516131?
13, 655087
List the prime factors of 21799083.
3, 17, 427433
List the prime factors of 851158.
2, 7, 11, 5527
List the prime factors of 10830725.
5, 433229
What are the prime factors of 24009530?
2, 5, 53, 89, 509
What are the prime factors of 134508?
2, 3, 11, 1019
What are the prime factors of 318956?
2, 11, 659
List the prime factors of 347488.
2, 10859
What are the prime factors of 12015631?
31, 331, 1171
List the prime factors of 207866.
2, 37, 53
List the prime factors of 2383821.
3, 11, 199
List the prime factors of 2547636.
2, 3, 7, 13, 2333
List the prime factors of 2456680.
2, 5, 61417
List the prime factors of 5821904.
2, 11, 19, 1741
What are the prime factors of 6557467?
7, 131, 7151
List the prime factors of 567737.
567737
List the prime factors of 3686195.
5, 17, 2551
What are the prime factors of 7529?
7529
What are the prime factors of 6472093?
109, 59377
List the prime 